{"id":314,"date":"2024-01-30T12:46:19","date_gmt":"2024-01-30T11:46:19","guid":{"rendered":"https:\/\/www.serlogal.com\/?page_id=314"},"modified":"2024-01-31T16:41:51","modified_gmt":"2024-01-31T15:41:51","slug":"contactar","status":"publish","type":"page","link":"https:\/\/www.serlogal.com\/?page_id=314","title":{"rendered":"Contactar"},"content":{"rendered":"\n<div class=\"wp-block-contact-form-7-contact-form-selector\">\n<div class=\"wpcf7 no-js\" id=\"wpcf7-f22-o1\" lang=\"en-US\" dir=\"ltr\">\n<div class=\"screen-reader-response\"><p role=\"status\" aria-live=\"polite\" aria-atomic=\"true\"><\/p> <ul><\/ul><\/div>\n<form action=\"\/index.php?rest_route=%2Fwp%2Fv2%2Fpages%2F314#wpcf7-f22-o1\" method=\"post\" class=\"wpcf7-form init\" aria-label=\"Contact form\" novalidate=\"novalidate\" data-status=\"init\">\n<div style=\"display: none;\">\n<input type=\"hidden\" name=\"_wpcf7\" value=\"22\" \/>\n<input type=\"hidden\" name=\"_wpcf7_version\" value=\"5.8.6\" \/>\n<input type=\"hidden\" name=\"_wpcf7_locale\" value=\"en_US\" \/>\n<input type=\"hidden\" name=\"_wpcf7_unit_tag\" value=\"wpcf7-f22-o1\" \/>\n<input type=\"hidden\" name=\"_wpcf7_container_post\" value=\"0\" \/>\n<input type=\"hidden\" name=\"_wpcf7_posted_data_hash\" value=\"\" \/>\n<\/div>\n<div class=\"column_attr align_center\" style=\"\">\n\t<div class=\"clearfix\" style=\"padding: 40px 7%; background: #f2faff; border: 1px solid #b2c0cd;\">\n\t\t<h2><a href=\"mailto:info@serlogal.com\">info@serlogal.com<\/a> | <a href=\"callto:+34 986 76 10 42\">+34 986 76 10 42<\/a>\n\t\t<\/h2>\n\t<hr class=\"no_line\" style=\"margin: 0 auto 30px;\" \/>\n\t\t<div role=\"form\" class=\"wpcf7\" id=\"wpcf7-f22-p61-o1\" lang=\"en-US\" dir=\"ltr\">\n\t\t\t<div class=\"screen-reader-response\">\n\t\t\t<\/div>\n\t\t\t<div class=\"column one-second\">\n\t\t\t\t<p><span class=\"wpcf7-form-control-wrap\" data-name=\"your-name\"><input size=\"40\" class=\"wpcf7-form-control wpcf7-text wpcf7-validates-as-required\" aria-required=\"true\" aria-invalid=\"false\" placeholder=\"Tu nombre*\" value=\"\" type=\"text\" name=\"your-name\" \/><\/span>\n\t\t\t\t<\/p>\n\t\t\t<\/div>\n\t\t\t<div class=\"column one-second\">\n\t\t\t\t<p><span class=\"wpcf7-form-control-wrap\" data-name=\"your-email\"><input size=\"40\" class=\"wpcf7-form-control wpcf7-email wpcf7-validates-as-required wpcf7-text wpcf7-validates-as-email\" aria-required=\"true\" aria-invalid=\"false\" placeholder=\"Tu e-mail*\" value=\"\" type=\"email\" name=\"your-email\" \/><\/span>\n\t\t\t\t<\/p>\n\t\t\t<\/div>\n\t\t\t<div class=\"column one\">\n\t\t\t\t<p><span class=\"wpcf7-form-control-wrap\" data-name=\"your-subject\"><input size=\"40\" class=\"wpcf7-form-control wpcf7-text wpcf7-validates-as-required\" aria-required=\"true\" aria-invalid=\"false\" placeholder=\"Asunto*\" value=\"\" type=\"text\" name=\"your-subject\" \/><\/span>\n\t\t\t\t<\/p>\n\t\t\t<\/div>\n\t\t\t<div class=\"column one\">\n\t\t\t\t<p><span class=\"wpcf7-form-control-wrap\" data-name=\"your-message\"><textarea cols=\"40\" rows=\"4\" class=\"wpcf7-form-control wpcf7-textarea wpcf7-validates-as-required\" aria-required=\"true\" aria-invalid=\"false\" placeholder=\"Mensaje*\" name=\"your-message\"><\/textarea><\/span>\n\t\t\t\t<\/p>\n\t\t\t<\/div>\n\t\t\t<div class=\"column_attr align_center\" style=\"padding: 40px 7%;>\n\t\t\t\t<p><span class=\"wpcf7-form-control-wrap\" data-name=\"acceptance-710\"><span class=\"wpcf7-form-control wpcf7-acceptance\"><span class=\"wpcf7-list-item\"><input type=\"checkbox\" name=\"acceptance-710\" value=\"1\" aria-invalid=\"false\" \/><\/span><\/span><\/span> CONSIENTO EL TRATAMIENTO DE MIS DATOS PARA COMUNICACIONES COMERCIALES\n\t\t\t\t<\/p>\n\t\t\t\t<p>Responsable del fichero: Serlogal 2.0 S.L.; Contacto: protecciondatos@serlogal.com<br \/>\nDestinatarios: No se prev\u00e9n cesiones de datos a empresas ajenas a nuestro grupo.<br \/>\nDerechos: Acceso, Rectificaci\u00f3n, Limitaci\u00f3n, Oposici\u00f3n y Portabilidad.<br \/>\nSe puede consultar la informaci\u00f3n detallada en nuestra <a href=\"https:\/\/www.serlogal.com\/?page_id=3\">Pol\u00edtica de Privacidad.<\/a>\n\t\t\t\t<\/p>\n\t\t\t<\/div>\n\t\t\t<p><span class=\"wpcf7-form-control-wrap\" data-name=\"quiz-20\"><label><span class=\"wpcf7-quiz-label\">\u00bfCuantas patas tiene un gato?<\/span> <input size=\"40\" class=\"wpcf7-form-control wpcf7-quiz\" autocomplete=\"off\" aria-required=\"true\" aria-invalid=\"false\" type=\"text\" name=\"quiz-20\" \/><\/label><input type=\"hidden\" name=\"_wpcf7_quiz_answer_quiz-20\" value=\"74ab3d61eb58fc9dc65be73800ba70b8\" \/><\/span>\n\t\t\t<\/p>\n\t\t\t<div>\n\t\t\t\t<p><input class=\"wpcf7-form-control wpcf7-submit has-spinner\" type=\"submit\" value=\"Enviar mensaje\" \/>\n\t\t\t\t<\/p>\n\t\t\t<\/div>\n\t\t<\/div>\n\t<\/div>\n<\/div><div class=\"wpcf7-response-output\" aria-hidden=\"true\"><\/div>\n<\/form>\n<\/div>\n<\/div>\n","protected":false},"excerpt":{"rendered":"","protected":false},"author":1,"featured_media":0,"parent":0,"menu_order":0,"comment_status":"closed","ping_status":"closed","template":"","meta":{"footnotes":""},"class_list":["post-314","page","type-page","status-publish","hentry"],"_links":{"self":[{"href":"https:\/\/www.serlogal.com\/index.php?rest_route=\/wp\/v2\/pages\/314","targetHints":{"allow":["GET"]}}],"collection":[{"href":"https:\/\/www.serlogal.com\/index.php?rest_route=\/wp\/v2\/pages"}],"about":[{"href":"https:\/\/www.serlogal.com\/index.php?rest_route=\/wp\/v2\/types\/page"}],"author":[{"embeddable":true,"href":"https:\/\/www.serlogal.com\/index.php?rest_route=\/wp\/v2\/users\/1"}],"replies":[{"embeddable":true,"href":"https:\/\/www.serlogal.com\/index.php?rest_route=%2Fwp%2Fv2%2Fcomments&post=314"}],"version-history":[{"count":2,"href":"https:\/\/www.serlogal.com\/index.php?rest_route=\/wp\/v2\/pages\/314\/revisions"}],"predecessor-version":[{"id":373,"href":"https:\/\/www.serlogal.com\/index.php?rest_route=\/wp\/v2\/pages\/314\/revisions\/373"}],"wp:attachment":[{"href":"https:\/\/www.serlogal.com\/index.php?rest_route=%2Fwp%2Fv2%2Fmedia&parent=314"}],"curies":[{"name":"wp","href":"https:\/\/api.w.org\/{rel}","templated":true}]}}